156882452.
142
What is the highest common divisor of 110638 and 50149?
517
Calculate the greatest common factor of 1575390 and 1173.
51
Calculate the greatest common divisor of 934 and 5.
1
Calculate the greatest common divisor of 371328 and 444.
12
What is the highest common factor of 17615 and 35334335?
1355
Calculate the greatest common factor of 11340141 and 15717.
93
Calculate the greatest common factor of 721030 and 190.
10
Calculate the greatest common factor of 1188448 and 14.
2
Calculate the greatest common divisor of 27305 and 326862694.
5461
Calculate the greatest common factor of 3185 and 207340.
35
What is the greatest common factor of 8869 and 10228211?
49
What is the greatest common divisor of 28974681 and 408?
51
What is the greatest common divisor of 52 and 28875548?
52
What is the greatest common factor of 9484 and 674184366?
4742
Calculate the highest common factor of 23022919 and 11030.
1103
What is the highest common factor of 3802626 and 5103?
81
Calculate the highest common divisor of 57 and 1656518211.
57
Calculate the greatest common factor of 749520 and 12960.
2160
Calculate the highest common divisor of 274 and 15784.
2
Calculate the highest common factor of 34 and 779924402.
34
What is the highest common divisor of 140 and 3016391?
7
What is the highest common divisor of 96868 and 36356?
244
Calculate the greatest common factor of 91265200 and 976.
16
Calculate the greatest common divisor of 21733 and 396469.
211
Calculate the highest common divisor of 145093383 and 7155.
1431
Calculate the greatest common divisor of 340 and 41107156.
68
Calculate the greatest common divisor of 5835830 and 3850.
770
Calculate the highest common divisor of 188256 and 100533792.
5088
What is the highest common factor of 96091 and 438089?
307
What is the greatest common factor of 77 and 2427887?
77
Calculate the greatest common divisor of 26041508 and 548.
548
Calculate the highest common factor of 8040812 and 47268.
5252
What is the greatest common factor of 1013 and 15226403?
1013
What is the greatest common divisor of 10077 and 374709886?
3359
Calculate the greatest common factor of 418 and 512639171.
209
What is the highest common divisor of 111528612 and 3276?
468
Calculate the highest common factor of 179410 and 351131.
2563
Calculate the highest common factor of 6680 and 3114550.
1670
Calculate the highest common factor of 975 and 7516470.
195
Calculate the greatest common divisor of 70 and 89276474.
14
What is the highest common factor of 38630901 and 3669?
3669
What is the greatest common divisor of 353909 and 983506?
547
Calculate the highest common factor of 233441 and 11843.
13
Calculate the highest common factor of 383973650 and 1675.
1675
What is the greatest common divisor of 3660436 and 14?
2
What is the greatest common divisor of 88 and 4671722?
22
What is the greatest common factor of 16975474 and 34542?
3838
What is the greatest common divisor of 56770 and 16730?
70
Calculate the greatest common factor of 223794 and 1050.
6
What is the greatest common factor of 8836 and 2547212?
188
Calculate the highest common divisor of 7239 and 36347.
19
What is the greatest common factor of 96534 and 447724?
346
Calculate the highest common divisor of 12597425 and 425.
425
Calculate the greatest common divisor of 325 and 5117975.
25
What is the greatest common factor of 819 and 77740884?
117
Calculate the highest common divisor of 3153 and 6178829.
1051
Calculate the highest common divisor of 56445 and 1233270.
1065
What is the highest common divisor of 1240 and 127773165?
155
Calculate the greatest common factor of 7665 and 7424655.
105
What is the highest common factor of 1301476 and 784?
4
What is the highest common factor of 29379 and 437887?
1399
Calculate the greatest common divisor of 14 and 199542896.
14
Calculate the highest common divisor of 490530797 and 1348.
337
What is the greatest common divisor of 192558 and 3405690?
2874
What is the greatest common divisor of 26856192 and 5304?
408
Calculate the greatest common factor of 463 and 8888674.
463
What is the highest common factor of 16864 and 7766368?
992
Calculate the highest common divisor of 760 and 320380.
20
What is the highest common divisor of 242 and 514756?
22
What is the highest common factor of 13635837 and 54?
27
Calculate the highest common divisor of 692 and 23344966.
346
What is the greatest common divisor of 39489606 and 2206?
2206
Calculate the greatest common divisor of 336323 and 6642.
41
What is the greatest common divisor of 18363 and 19155?
3
Calculate the highest common factor of 2684 and 4045316.
44
Calculate the greatest common factor of 29295 and 50400.
315
Calculate the greatest common factor of 208 and 385112520.
104
What is the greatest common divisor of 43964 and 753452?
1516
What is the highest common factor of 7488831 and 114?
57
Calculate the greatest common factor of 1960239512 and 17776.
8888
Calculate the greatest common factor of 20200 and 34682592.
808
Calculate the greatest common factor of 1009408247 and 947.
947
Calculate the greatest common factor of 170 and 18390838.
34
Calculate the highest common divisor of 3526228 and 88399.
811
Calculate the greatest common factor of 223652 and 4767532.
1012
Calculate the highest common divisor of 135 and 62296830.
135
Calculate the greatest common factor of 2550468 and 4112.
1028
Calculate the greatest common divisor of 7000 and 89138.
14
Calculate the highest common factor of 9953449 and 16709.
341
What is the highest common divisor of 359022038 and 1928?
482
Calculate the greatest common divisor of 238672356 and 181896.
8268
Calculate the highest common factor of 17623194 and 10090.
2018
Calculate the greatest common divisor of 204 and 41528382.
102
Calculate the greatest common factor of 64403460 and 71280.
1980
Calculate the greatest common factor of 459 and 10944753.
51
Calculate the greatest common factor of 71921916 and 627.
627
Calculate the highest common factor of 143 and 6943118.
13
What is the highest common factor of 46577498 and 968?
242
Calculate the greatest common factor of 1075172 and 3138613.
2021
What is the greatest common factor of 1452 and 16197?
3
What is the highest common factor of 650 and 51213916?
26
Calculate the highest common factor of 71440028 and 1892.
1892
What is the highest common divisor of 66345908 and 32?
4
What is the greatest common factor of 12577438 and 668?
334
Calculate the greatest common factor of 113571462 and 6.
6
What is the highest common factor of 22895 and 12046?
19
What is the greatest common factor of 1754244 and 12654?
666
What is the highest common divisor of 28012 and 974907?
149
What is the highest common factor of 6652 and 81330678?
3326
What is the highest common factor of 1779937545 and 1185?
1185
Calculate the greatest common factor of 5020743 and 29842.
347
Calculate the greatest common divisor of 1425888 and 27968.
32
Calculate the greatest common factor of 91976389 and 52063.
4733
Calculate the greatest common divisor of 226872 and 2214.
18
What is the highest common divisor of 28431 and 7418304?
2187
What is the highest common divisor of 6000 and 1203474000?
6000
Calculate the highest common factor of 1230 and 1479895.
205
What is the highest common divisor of 12648 and 107803647?
1581
What is the highest common divisor of 3133825 and 225?
25
What is the highest common divisor of 4599 and 1126934361?
4599
Calculate the greatest common divisor of 27 and 68795091.
9
Calculate the greatest common divisor of 11279710 and 65.
65
Calculate the highest common factor of 3613870 and 91.
13
Calculate the greatest common factor of 11563 and 36549.
31
Calculate the highest common divisor of 898689 and 1375.
11
What is the greatest common divisor of 798215 and 39215?
1265
What is the greatest common factor of 538200 and 1033206?
138
What is the highest common divisor of 540720 and 279?
9
Calculate the greatest common factor of 9 and 30994101.
9
Calculate the highest common factor of 2777580 and 1476.
36
Calculate the highest common divisor of 240 and 63646785.
15
Calculate the greatest common factor of 67 and 53068891.
67
Calculate the greatest common divisor of 21206707 and 1283.
1283
Calculate the greatest common factor of 5857